 of 115856 and 3952.
208
What is the highest common divisor of 610 and 8662?
122
What is the greatest common divisor of 2611253 and 907?
907
What is the highest common factor of 209440 and 154?
154
What is the greatest common factor of 228 and 9291?
57
Calculate the greatest common divisor of 3794 and 136855.
271
Calculate the greatest common divisor of 2097710 and 90.
10
What is the greatest common divisor of 2348 and 1?
1
Calculate the greatest common factor of 80 and 3170.
10
What is the highest common factor of 2516 and 2923?
37
Calculate the greatest common divisor of 4071304 and 8.
8
Calculate the highest common factor of 374 and 182930.
22
Calculate the highest common divisor of 24 and 5937.
3
Calculate the highest common divisor of 45826 and 374.
22
What is the greatest common divisor of 6795 and 4445289?
1359
What is the highest common divisor of 4112 and 80698?
514
What is the greatest common divisor of 2138871 and 179?
179
What is the highest common factor of 820 and 1220?
20
What is the highest common divisor of 7411875 and 3750?
1875
Calculate the greatest common factor of 108 and 611091.
27
What is the greatest common factor of 11263675 and 475?
475
What is the greatest common divisor of 18032 and 3312?
368
Calculate the greatest common factor of 22586 and 74632.
982
What is the highest common factor of 9383 and 902?
11
What is the highest common factor of 908 and 15209?
227
Calculate the highest common divisor of 14490 and 1127.
161
Calculate the greatest common divisor of 269340 and 360.
60
Calculate the greatest common divisor of 648 and 11106.
18
Calculate the highest common factor of 164 and 168976.
4
What is the highest common factor of 4755 and 3795?
15
What is the greatest common divisor of 266 and 92606?
38
What is the highest common divisor of 725718 and 14?
14
Calculate the highest common factor of 1647 and 10309.
61
Calculate the highest common divisor of 3832 and 17723.
479
Calculate the highest common factor of 58198 and 616.
14
What is the greatest common factor of 3782364 and 36?
12
Calculate the greatest common divisor of 11502 and 6248.
142
Calculate the highest common divisor of 76295 and 115.
5
Calculate the greatest common divisor of 2364448 and 1184.
1184
What is the greatest common divisor of 19578 and 8424?
78
Calculate the highest common factor of 8460 and 384.
12
What is the highest common divisor of 269386 and 507?
169
Calculate the highest common divisor of 29394 and 24.
6
What is the greatest common factor of 3 and 16221?
3
Calculate the highest common factor of 285 and 2520.
15
What is the highest common factor of 4640 and 297760?
160
Calculate the highest common factor of 25752 and 928.
232
What is the highest common factor of 354 and 2856?
6
Calculate the highest common factor of 4726 and 1258.
34
What is the highest common divisor of 530 and 18285?
265
What is the greatest common factor of 3087 and 1474263?
441
What is the highest common factor of 68835 and 390?
195
Calculate the highest common divisor of 14564 and 55.
11
Calculate the greatest common divisor of 1254 and 3330.
6
Calculate the highest common divisor of 5504 and 1146896.
688
Calculate the highest common divisor of 851 and 15870.
23
What is the greatest common factor of 1107 and 2009?
41
Calculate the greatest common divisor of 282 and 105045.
141
What is the highest common divisor of 1937 and 208?
13
Calculate the highest common factor of 1492 and 22007.
373
Calculate the greatest common factor of 175 and 324835.
35
What is the highest common factor of 37823 and 66971?
347
Calculate the highest common factor of 217812 and 700.
28
Calculate the highest common factor of 70512 and 11232.
624
What is the greatest common divisor of 62 and 590302?
62
What is the greatest common divisor of 328130 and 1570?
1570
Calculate the greatest common divisor of 16060 and 1210.
110
What is the highest common factor of 7279 and 783?
29
What is the greatest common factor of 870 and 293770?
290
What is the highest common factor of 10057 and 623?
89
What is the greatest common factor of 368928 and 576?
288
Calculate the highest common factor of 430 and 2920.
10
Calculate the greatest common divisor of 900 and 51975.
225
What is the greatest common factor of 1038 and 1899021?
519
Calculate the highest common factor of 112 and 46448.
16
What is the highest common factor of 81 and 111051?
81
What is the greatest common factor of 166 and 134?
2
Calculate the greatest common factor of 50 and 43375.
25
What is the greatest common factor of 873 and 5337?
9
What is the highest common factor of 144 and 7088?
16
Calculate the highest common divisor of 156 and 29250.
78
What is the highest common factor of 50 and 224910?
10
What is the greatest common divisor of 264 and 23592?
24
Calculate the highest common factor of 10 and 3349615.
5
What is the highest common factor of 5814 and 15912?
306
Calculate the highest common divisor of 798 and 203091.
399
Calculate the greatest common factor of 23856 and 60492.
852
Calculate the highest common divisor of 3070151 and 7.
7
What is the highest common factor of 268 and 72092?
268
Calculate the greatest common divisor of 546 and 5096.
182
What is the highest common factor of 4131 and 374?
17
Calculate the greatest common factor of 58302 and 902.
82
Calculate the greatest common factor of 90 and 1086.
6
What is the greatest common divisor of 3876 and 361692?
204
What is the greatest common divisor of 296738 and 114582?
2938
What is the highest common factor of 539970 and 1845?
615
Calculate the highest common divisor of 1106 and 752633.
553
What is the greatest common divisor of 10420 and 890?
10
What is the highest common factor of 6 and 379194?
6
What is the highest common divisor of 16072 and 770?
14
Calculate the greatest common factor of 3355 and 5.
5
What is the greatest common factor of 39351 and 273?
39
What is the greatest common divisor of 12 and 60328?
4
Calculate the highest common divisor of 7560 and 31374.
378
What is the greatest common factor of 178216 and 6?
2
What is the greatest common divisor of 3324624 and 48?
48
What is the greatest common divisor of 3366 and 29223?
153
Calculate the greatest common factor of 2004436 and 4284.
476
What is the greatest common factor of 42 and 2445597?
21
Calculate the highest common factor of 12645 and 285.
15
What is the greatest common divisor of 1830 and 1614?
6
Calculate the greatest common factor of 104851 and 1.
1
What is the highest common factor of 1667568 and 96?
48
Calculate the greatest common factor of 10 and 9294140.
10
Calculate the greatest common divisor of 25 and 163175.
25
Calculate the highest common divisor of 19227 and 18241.
493
Calculate the highest common divisor of 15 and 58785.
15
Calculate the greatest common divisor of 14074 and 51274.
62
Calculate the greatest common factor of 4318 and 238.
34
What is the highest common factor of 4482 and 219?
3
Calculate the highest common divisor of 257259 and 87.
87
What is the greatest common factor of 31926 and 57?
3
Calculate the greatest common divisor of 2788 and 3649.
41
What is the greatest common factor of 136 and 41696?
8
What is the highest common factor of 56196 and 476?
28
Calculate the highest common factor of 48 and 16248.
24
What is the highest common divisor of 19440 and 1485?
135
Calculate the highest common factor of 2 and 20529.
1
Calculate the highest common divisor of 47261 and 4843.
167
Calculate the highest common factor of 1496 and 6664.
136
Calculate the highest common factor of 160482 and 42.
42
What is the greatest common factor of 187330 and 990?
110
What is the greatest common divisor of 154338 and 406?
58
What is the highest common factor of 31770 and 20430?
90
What is the highest common divisor of 7482 and 58986?
174
What is the greatest common divisor of 2622 and 7314?
138
What is the highest common divisor of 6620 and 60?
20
What is the highest common divisor of 1068 and 516?
12
Calculate the highest common factor of 68503 and 122.
61
What is the greatest common divisor of 497060 and 20?
20
What is the highest common divisor of 5307 and 366?
183
What is the greatest common factor of 544884 and 2550?
102
Calculate the highest common factor of 497288 and 264.
88
What is t